e?
False
Is 30650601017 composite?
False
Is 26700923981 a prime number?
True
Is 1398619493 a prime number?
True
Is 2252009597 a composite number?
False
Is 67155192253 a composite number?
False
Is 1989812381 a composite number?
True
Is 10879117993 a prime number?
False
Is 733109899 a composite number?
False
Is 22240078723 composite?
False
Is 570885803 composite?
False
Is 1948671341 a composite number?
True
Is 47618583811 composite?
False
Is 17336979337 composite?
False
Is 14949688541 prime?
False
Is 28208022151 a composite number?
True
Is 8732943841 a prime number?
True
Is 11632547219 a prime number?
False
Is 8191951913 a prime number?
False
Is 172666367 prime?
True
Is 72377021 prime?
False
Is 1807569289 prime?
False
Is 2033042591 a composite number?
True
Is 1332056707 a composite number?
True
Is 616300159 a composite number?
True
Is 1947394961 a prime number?
False
Is 648509549 a composite number?
True
Is 2859614031 a prime number?
False
Is 790476791 prime?
False
Is 2692544909 a composite number?
False
Is 52442623 a prime number?
True
Is 77135685787 prime?
False
Is 1610880223 composite?
False
Is 57161167543 a composite number?
False
Is 16228150801 a composite number?
False
Is 336828773 a composite number?
False
Is 21012833269 a composite number?
False
Is 48634219 a prime number?
False
Is 842566757 a prime number?
True
Is 48640670357 prime?
True
Is 1035075149 a composite number?
False
Is 128593481 prime?
True
Is 279741283 a composite number?
False
Is 2292012529 prime?
True
Is 684862699 a composite number?
True
Is 6944588801 prime?
True
Is 2396248783 prime?
False
Is 484546163 a prime number?
True
Is 907194011 prime?
False
Is 9153362891 prime?
False
Is 1295976061 composite?
True
Is 8534206679 prime?
False
Is 249635917 composite?
False
Is 15209274551 a composite number?
True
Is 3714512257 composite?
True
Is 15406281881 a composite number?
False
Is 9741978803 prime?
True
Is 412268939 prime?
True
Is 3356088193 a composite number?
True
Is 15092704139 a composite number?
True
Is 557828899 prime?
True
Is 706878977 composite?
True
Is 20127276797 composite?
True
Is 626282773 prime?
True
Is 2502736811 a prime number?
True
Is 12683996933 prime?
False
Is 146633479987 a composite number?
True
Is 16055375153 a prime number?
True
Is 11190823907 prime?
True
Is 90164551 a composite number?
True
Is 1310073157 a prime number?
False
Is 7089287 composite?
False
Is 4020484927 prime?
True
Is 3338345851 a prime number?
False
Is 567750901 composite?
False
Is 734359231 composite?
False
Is 588123883 a prime number?
True
Is 6835806737 a prime number?
False
Is 1866918787 a prime number?
True
Is 38034163933 prime?
True
Is 29400106961 prime?
False
Is 13703657419 a prime number?
False
Is 28334936407 composite?
True
Is 2754676858 composite?
True
Is 397359791 composite?
False
Is 6712868411 prime?
True
Is 636524363 prime?
True
Is 515638507 prime?
True
Is 324055097 a prime number?
True
Is 157596137 composite?
True
Is 6123402759 a composite number?
True
Is 726753457 a prime number?
True
Is 95611499 composite?
False
Is 8005013 composite?
True
Is 13027266467 a prime number?
True
Is 12274031743 prime?
True
Is 12475302571 a composite number?
True
Is 59275222487 a prime number?
False
Is 4502717707 a composite number?
True
Is 7596291587 a composite number?
False
Is 8876345761 a composite number?
True
Is 1710367693 a prime number?
False
Is 47726438281 a composite number?
False
Is 409678961 a composite number?
False
Is 8098747129 composite?
True
Is 82760783449 a composite number?
True
Is 148799755801 composite?
False
Is 3212193437 a prime number?
True
Is 62269802821 composite?
False
Is 10757976563 a composite number?
True
Is 8734144481 a prime number?
True
Is 372106991 a prime number?
True
Is 899562841 prime?
False
Is 374796847 a prime number?
False
Is 2814523297 a composite number?
False
Is 946907197 composite?
False
Is 688732927 prime?
True
Is 5644319627 a composite number?
False
Is 5199797 composite?
False
Is 11605541159 a composite number?
True
Is 2317497607 a composite number?
False
Is 733696489 a composite number?
True
Is 372235141 a prime number?
False
Is 4019179299 a prime number?
False
Is 102338547121 a prime number?
False
Is 78694110311 a composite number?
True
Is 5436078107 a composite number?
False
Is 360007321 a prime number?
False
Is 717889349 a prime number?
True
Is 61018570397 composite?
False
Is 10509669782 composite?
True
Is 97568505563 prime?
True
Is 305162749 a composite number?
False
Is 66715248043 a composite number?
False
Is 285894233 a composite number?
False
Is 36599119069 prime?
False
Is 4821631739 prime?
True
Is 60787627 prime?
True
Is 3519032749 a composite number?
True
Is 975389011 composite?
False
Is 16899498211 prime?
True
Is 8649213673 prime?
True
Is 681585571 a prime number?
False
Is 7361045915 a prime number?
False
Is 394928257 a composite number?
True
Is 326442113 prime?
False
Is 5574991157 a composite number?
True
Is 23255980727 a composite number?
True
Is 11013280037 a prime number?
False
Is 132152177 a prime number?
True
Is 1618983794 a composite number?
True
Is 7547380049 composite?
True
Is 90156243 composite?
True
Is 4983261281 composite?
False
Is 599791151 a prime number?
False
Is 692345947 composite?
False
Is 916283201 a composite number?
False
Is 384549889 a composite number?
True
Is 52073805559 prime?
False
Is 170050267 composite?
False
Is 345511113 a prime number?
False
Is 543725621 a composite number?
True
Is 1693725023 a composite number?
True
Is 431080733 a composite number?
True
Is 15631024949 a composite number?
False
Is 147961639933 composite?
False
Is 174592213 composite?
False
Is 6209849099 prime?
True
Is 265896373 composite?
False
Is 2070714355 a prime number?
False
Is 355984633 a composite number?
True
Is 12318686063 a prime number?
True
Is 925794043 prime?
True
Is 3496988177 composite?
True
Is 2411043917 composite?
False
Is 16957053013 composite?
True
Is 10006958281 composite?
True
Is 1278139853 composite?
True
Is 4126205431 prime?
False
Is 3680825773 a composite number?
True
Is 96739579 a prime number?
True
Is 25510645 a composite number?
True
Is 34612305613 a composite number?
True
Is 34930796099 prime?
False
Is 7594547963 prime?
True
Is 172061477 composite?
True
Is 831222547 composite?
False
Is 18911728607 prime?
False
Is 1616113057 a composite number?
True
Is 611732881 a prime number?
False
Is 517402201 composite?
True
Is 2116141949 prime?
True
Is 6320222819 composite?
False
Is 1170303331 a prime number?
False
Is 692025091 composite?
False
Is 999362407 a prime number?
False
Is 2012430037 a composite number?
True
Is 6878794183 a composite number?
False
Is 1785324221 a prime number?
True
Is 1029977689 prime?
False
Is 35970069983 a prime number?
True
Is 2733458885 a prime number?
False
Is 2292543973 a prime number?
True
Is 6500186153 prime?
False
Is 71733367 composite?
True
Is 261604339 prime?
False
Is 1322325301 composite?
True
Is 1213484451 a prime number?
False
Is 7777774883 a composite number?
False
Is 10011076579 composite?
True
Is 30250450963 prime?
False
Is 19860453971 prime?
True
Is 5983825123 composite?
True
Is 5936944127 a prime number?
True
Is 3223326863 a prime number?
True
Is 3811343717 composite?
True
Is 100899499 a prime number?
False
Is 1780848743 prime?
False
Is 2106585181 a composite number?
True
Is 2976830357 composite?
True
Is 21334119013 composite?
True
Is 20390918771 a prime number?
True
Is 180454899997 prime?
True
Is 1412803397 a composite number?
True
Is 766584671 prime?
True
Is 913036801 prime?
True
Is 2264569709 composite?
False
Is 803033953 a composite number?
True
Is 2461077713 a composite number?
True
Is 97328176171 composite?
False
Is 333834701 a prime number?
True
Is 1518293191 composite?
False
Is 5491760501 a prime number?
False
Is 356413303 a prime number?
False
Is 306306947 a composite number?
False
Is 526372699 a prime number?
True
Is 45772131677 prime?
True
Is 3799130681 a prime number?
False
Is 1480588831 prime?
False
Is 1476554731 a prime number?
False
Is 6063563323 prime?
True
Is 852923063 composite?
True
Is 3689810117 a prime number?
False
Is 53956741 composite?
False
Is 11954913307 a composite number?
False
Is 41755626097 a prime number?
True
Is 1786749977 a composite number?
True
Is 1403